 141 = -2*o. Calculate the highest common factor of 112 and j.
7
Let j be ((-4080)/68)/((-6)/32). What is the greatest common divisor of j and 880?
80
Let h be -19 + 6 + 15/3*1. Let o(t) = 0 - 4 - 6*t - 3*t**2 + 4*t**2. Let f be o(h). What is the greatest common divisor of f and 12?
12
Let d(n) = 3*n - 12. Let y be d(6). Suppose -2*o - 330 = -y*w + 2*w, -w - 3*o + 100 = 0. What is the highest common factor of w and 17?
17
Let b be -6*2/((-12)/34). Let c = b + -21. What is the greatest common factor of c and 65?
13
Let i = -529 - -1663. What is the highest common factor of 108 and i?
54
Let w be (99/27)/((-32)/12 - -3). What is the highest common divisor of w and 143?
11
Let y = -19 + 175. Calculate the greatest common factor of 234 and y.
78
Suppose 10*t + 250 = 5*t. Let k be 2/(-11) - 72/88 - t. What is the greatest common divisor of k and 147?
49
Let i = 1747 + -1715. Calculate the highest common factor of 40 and i.
8
Let r(l) = 4*l + 40. Let s be r(-7). Suppose -z - z = -6. Let t be z*-8*(-9)/2. What is the highest common divisor of s and t?
12
Let z(d) = 4*d - 4. Let r be z(1). Suppose 4*b + 4 = 5*b. Suppose r*h = b*h + 2*s - 100, s + 25 = h. Calculate the highest common divisor of 50 and h.
25
Suppose -u - 3*i - 4 = -31, 0 = -4*u - 5*i + 115. Let t = 7 + -4. Suppose t*y = 15 + 3. What is the highest common divisor of u and y?
6
Suppose 0*n + 3*n = 2*j - 22, 0 = 2*n. Suppose 4*t = -0 + 16, j = 5*m - t. Let l be m - (-2 - 10/2). What is the greatest common divisor of l and 10?
10
Let y = -743 + 755. Calculate the greatest common divisor of y and 60.
12
Let g(w) = w**2 + 14*w + 18. Let m = 13 - 26. Let b be g(m). Let c(n) = 6*n + 4. Let a be c(b). Calculate the greatest common divisor of a and 51.
17
Let d(i) = -i**2 + 7*i - 4. Let m be d(6). Suppose -22 = -b - 4*o, -2*b = 3*b + 3*o - 25. What is the greatest common divisor of b and m?
2
Let l be ((-496)/48)/(5/(-15)). Calculate the highest common factor of 1 and l.
1
Suppose -g - 3*g - 3*h + 49 = 0, -g - 3*h + 19 = 0. Suppose -54 = -4*l + 6. What is the greatest common factor of l and g?
5
Let l(z) = 3*z**2 + 78*z - 26. Let k be l(-27). Calculate the greatest common divisor of 1 and k.
1
Let l = -140 + 98. Let f = 44 + l. What is the highest common divisor of f and 16?
2
Let o = 244 - 190. Let v = -1 - -4. Suppose -5 + 2 = 3*j, -4*s = -v*j - 27. What is the highest common factor of o and s?
6
Suppose 43*q = 41*q + 2*c + 14, 17 = 3*q - 2*c. Suppose -15 - 25 = u. Let b = -7 - u. Calculate the greatest common factor of b and q.
3
Let o(p) = -p - 5. Let t be o(-12). Let r = 7 + t. Let b be 2/7 - (-178)/r. Calculate the greatest common factor of 91 and b.
13
Let y be (2 + (43 - 5))*(1 - 2). Let x be (52/(-8))/(4/y). What is the highest common divisor of x and 13?
13
Let m be (-4494)/(-4) - 183/122. Calculate the greatest common factor of m and 204.
102
Let f(x) = 14*x - 97. Let a be f(7). Calculate the highest common divisor of a and 1.
1
Suppose 0 = -3*n - 22 - 2. Let c = -4 - n. Let p be -38*(c + 45/(-10)). What is the greatest common factor of p and 19?
19
Suppose a + q = 18, 3*q - 6*q - 122 = -5*a. Let d(k) = 4*k**2 + 9*k - 8. Let o be d(-8). What is the highest common factor of a and o?
22
Let w be (72/(-16))/((-1)/56). Suppose -b = 3*b - w. What is the highest common divisor of 42 and b?
21
Suppose 3*h = -4*p + 1 - 7, -5*p + 10 = -5*h. Suppose -4*l - 6*y + 8*y + 26 = p, 0 = -4*y - 4. What is the greatest common divisor of l and 12?
6
Suppose 5*b - 3*d = d + 48, 2*b - 15 = 3*d. Suppose -a - 4 + b = 0. Let y = 14 + -10. Calculate the greatest common factor of y and a.
4
Suppose 3*x = -2*l + 50, -4*x - 7 - 1 = 0. Calculate the greatest common factor of 259 and l.
7
Suppose -2*i + 174 = -240. Calculate the highest common factor of 9 and i.
9
Suppose 2*j - 3*f = 57, 2*f + 4 = 2. Calculate the highest common divisor of 9 and j.
9
Let b be (-2)/4*(-1 - 33). Suppose 3*h = 0, -5*d + 665 + 15 = -2*h. What is the highest common factor of d and b?
17
Let i be 3344/2*(-58)/(-116). Calculate the highest common factor of 44 and i.
44
Suppose 2*r - 6*g = -g + 454, -5*r + 2*g = -1093. Calculate the greatest common divisor of 62 and r.
31
Suppose 7*y + 5*m = 3*y + 154, 2*m = -2*y + 76. Let z be ((-6 + 90)/21)/(1/3). Calculate the highest common divisor of z and y.
12
Let a = 4 - 3. Suppose -3*v + d - 112 = 0, 7*v - 5*d + 116 = 4*v. Let g = v + 38. What is the greatest common factor of a and g?
1
Let f(x) be the second derivative of -5*x**3/3 - 11*x**2/2 - x. Let w be f(-2). Calculate the greatest common divisor of 1 and w.
1
Suppose 2*g = g + k + 26, k = -5*g + 106. What is the highest common factor of 264 and g?
22
Let u(h) = -2*h**2 + 11*h + 7. Let w be u(6). Let v = 5 + -4. What is the greatest common divisor of w and v?
1
Let z = -103 + 107. Suppose -z*u + 18 - 6 = 0. What is the greatest common divisor of 21 and u?
3
Let l(j) = 10*j + 1. Let p(t) = -21*t - 3. Let g(k) = 5*l(k) + 2*p(k). Let n be g(3). Calculate the highest common factor of n and 115.
23
Let b = 40 - 36. Suppose b*p - 7*p + 54 = 0. Let j be (-436)/(-6) - (-2)/(-3). What is the highest common divisor of p and j?
18
Let k be 6 + (-819)/(-33) + (-2)/(-11). What is the highest common divisor of 341 and k?
31
Let b be (6 - 102/24)/((-2)/(-48)). What is the highest common divisor of 777 and b?
21
Let a = 130 + -129. What is the highest common divisor of a and 64?
1
Let u be (0/(-2))/((-12)/6) - 5. Let q be (u - (2 + 5))*-7. Let l = 85 + -29. What is the highest common factor of q and l?
28
Let w = 155 - 135. Suppose -6*j + w*j = 42. Calculate the highest common divisor of j and 2.
1
Suppose -31*r = -4103 - 4856. Calculate the greatest common factor of r and 34.
17
Suppose -5*k + 13 = -3*o, -8*o = -6*o + 4*k - 28. Let c(l) = l**2 - l - 7. Let t be c(o). Calculate the greatest common factor of 2 and t.
1
Let v be 231/(-6)*12/(-7). Let g(h) = h**2 + 99. Let l be g(0). Calculate the highest common divisor of l and v.
33
Let s be 57/(-2)*(2 - 8). Suppose -7*d + 4*d = 0. Suppose -p + s = 5*c, d*c - 31 = -c - p. What is the highest common divisor of c and 5?
5
Let v be (-4)/((-1)/6*(-8)/(-7)). Let d(x) = -2*x**3 - x. Let l be d(-2). Let r = l - 11. What is the highest common divisor of r and v?
7
Let u = -25 + 39. Suppose 3*t - 12 = 2*g, t - 5*t + u = -2*g. Calculate the greatest common factor of t and 16.
2
Let g(d) = d**3 - d**2 - 3*d - 16. Let s be g(4). Calculate the highest common factor of 100 and s.
20
Let x be (-6)/(-4) + (-8)/(-16). Let l be (1 + -1 - 2) + 7. Suppose -l = -x*w + 1. What is the greatest common factor of 3 and w?
3
Let p(w) = 4*w + 26. Let f be p(10). Let l = 68 - f. What is the greatest common divisor of 10 and l?
2
Let f be (10300/(-30))/((-6)/9). Suppose -3*r = -f - 514. What is the highest common divisor of r and 49?
49
Let k(h) = h - 1. Let w(b) = 6*b + 6. Let u(s) = -4*k(s) + w(s). Let n be u(1). Calculate the greatest common divisor of n and 60.
12
Let r(y) = y**3 - 3*y + 3. Let q be r(2). Suppose i - 4*n - 11 = 29, -4*i + 160 = -q*n. Let s = -2154 - -2159. What is the highest common factor of s and i?
5
Suppose -22*n - 627 + 2695 = 0. Calculate the greatest common factor of 6 and n.
2
Let i be (24/14)/((-9)/(-315)). Calculate the highest common divisor of i and 24.
12
Suppose 3*w - 9 = 2*g, -5*w - 2*g + 16 - 1 = 0. Suppose 0 = -2*t - c + 5, -8*t = -5*t + w*c - 6. What is the highest common divisor of t and 21?
3
Suppose -3*d - 28 = -4*y + 70, -d = -2*y + 50. What is the highest common factor of 52 and y?
26
Suppose 6*t + 6759 = 6861. Let n(f) = -1. Let w(z) = -16*z - 4. Let u(g) = 3*n(g) - w(g). Let m be u(1). What is the greatest common divisor of m and t?
17
Let x = -3675 + 5821. Calculate the greatest common factor of 74 and x.
74
Let x(r) = -5*r - 17. Let k be x(-4). Let v be 0 - (-93)/k - -1. Calculate the greatest common factor of 8 and v.
8
Let o = -333 - -362. Let x = 669 + -205. Suppose 0*t = -4*t + x. Calculate the greatest common divisor of o and t.
29
Suppose -21 = 4*b - 5, -3*b - 99 = -m. What is the highest common factor of m and 58?
29
Let s = -145 - -175. What is the highest common divisor of s and 1620?
30
Let v = 34 - 34. Let l be (36 - v)*(-1)/(-2). What is the greatest common divisor of l and 